{"id":233,"date":"2023-11-06T20:28:53","date_gmt":"2023-11-06T20:28:53","guid":{"rendered":"http:\/\/web12496.serv4.spacequadrat.de\/html\/?page_id=233"},"modified":"2025-06-01T08:21:56","modified_gmt":"2025-06-01T08:21:56","slug":"233-2","status":"publish","type":"page","link":"http:\/\/web12496.serv4.spacequadrat.de\/html\/233-2\/","title":{"rendered":"Restaurant"},"content":{"rendered":"\n<p class=\"has-text-align-center\" style=\"font-size:22px\">Gerne hei\u00dfen wir Sie in unseren neu gestalteten Gastr\u00e4umen in der Schwartauer Allee 30 willkommen.<\/p>\n\n\n\n<p class=\"has-text-align-center\" style=\"font-size:22px\">Genie\u00dfen Sie die K\u00f6stlichkeiten Ostasiens in passendem Ambiente &#8211; wir freuen uns auf Sie!<\/p>\n\n\n\n<div class=\"wp-block-group\"><div class=\"wp-block-group__inner-container is-layout-constrained wp-block-group-is-layout-constrained\">\n<figure class=\"wp-block-gallery has-nested-images columns-default is-cropped wp-block-gallery-1 is-layout-flex wp-block-gallery-is-layout-flex\">\n<figure class=\"wp-block-image size-large\"><img fetchpriority=\"high\" decoding=\"async\" width=\"1024\" height=\"768\" data-id=\"220\" src=\"http:\/\/web12496.serv4.spacequadrat.de\/html\/wp-content\/uploads\/2023\/11\/nov02s-1024x768.jpg\" alt=\"G\u00e4steraum hinten\" class=\"wp-image-220\" srcset=\"http:\/\/web12496.serv4.spacequadrat.de\/html\/wp-content\/uploads\/2023\/11\/nov02s-1024x768.jpg 1024w, http:\/\/web12496.serv4.spacequadrat.de\/html\/wp-content\/uploads\/2023\/11\/nov02s-300x225.jpg 300w, http:\/\/web12496.serv4.spacequadrat.de\/html\/wp-content\/uploads\/2023\/11\/nov02s-768x576.jpg 768w, http:\/\/web12496.serv4.spacequadrat.de\/html\/wp-content\/uploads\/2023\/11\/nov02s-1536x1152.jpg 1536w, http:\/\/web12496.serv4.spacequadrat.de\/html\/wp-content\/uploads\/2023\/11\/nov02s.jpg 2000w\" sizes=\"(max-width: 1024px) 100vw, 1024px\" \/><\/figure>\n\n\n\n<figure class=\"wp-block-image size-large\"><img decoding=\"async\" width=\"1024\" height=\"768\" data-id=\"222\" src=\"http:\/\/web12496.serv4.spacequadrat.de\/html\/wp-content\/uploads\/2023\/11\/nov04s-1024x768.jpg\" alt=\"Wandbilder\" class=\"wp-image-222\" srcset=\"http:\/\/web12496.serv4.spacequadrat.de\/html\/wp-content\/uploads\/2023\/11\/nov04s-1024x768.jpg 1024w, http:\/\/web12496.serv4.spacequadrat.de\/html\/wp-content\/uploads\/2023\/11\/nov04s-300x225.jpg 300w, http:\/\/web12496.serv4.spacequadrat.de\/html\/wp-content\/uploads\/2023\/11\/nov04s-768x576.jpg 768w, http:\/\/web12496.serv4.spacequadrat.de\/html\/wp-content\/uploads\/2023\/11\/nov04s-1536x1152.jpg 1536w, http:\/\/web12496.serv4.spacequadrat.de\/html\/wp-content\/uploads\/2023\/11\/nov04s.jpg 2000w\" sizes=\"(max-width: 1024px) 100vw, 1024px\" \/><\/figure>\n<\/figure>\n<\/div><\/div>\n\n\n\n<div class=\"wp-block-group\"><div class=\"wp-block-group__inner-container is-layout-constrained wp-block-group-is-layout-constrained\">\n<figure class=\"wp-block-gallery has-nested-images columns-default is-cropped wp-block-gallery-2 is-layout-flex wp-block-gallery-is-layout-flex\">\n<figure class=\"wp-block-image size-large\"><img decoding=\"async\" width=\"764\" height=\"1024\" data-id=\"221\" src=\"http:\/\/web12496.serv4.spacequadrat.de\/html\/wp-content\/uploads\/2023\/11\/nov03s-764x1024.jpg\" alt=\"Kleiner Spiegel Gastraum\" class=\"wp-image-221\" srcset=\"http:\/\/web12496.serv4.spacequadrat.de\/html\/wp-content\/uploads\/2023\/11\/nov03s-764x1024.jpg 764w, http:\/\/web12496.serv4.spacequadrat.de\/html\/wp-content\/uploads\/2023\/11\/nov03s-224x300.jpg 224w, http:\/\/web12496.serv4.spacequadrat.de\/html\/wp-content\/uploads\/2023\/11\/nov03s-768x1030.jpg 768w, http:\/\/web12496.serv4.spacequadrat.de\/html\/wp-content\/uploads\/2023\/11\/nov03s-1145x1536.jpg 1145w, http:\/\/web12496.serv4.spacequadrat.de\/html\/wp-content\/uploads\/2023\/11\/nov03s.jpg 1440w\" sizes=\"(max-width: 764px) 100vw, 764px\" \/><\/figure>\n\n\n\n<figure class=\"wp-block-image size-large is-style-default\"><img loading=\"lazy\" decoding=\"async\" width=\"1024\" height=\"768\" data-id=\"223\" src=\"http:\/\/web12496.serv4.spacequadrat.de\/html\/wp-content\/uploads\/2023\/11\/nov05s-1024x768.jpg\" alt=\"Buddhistische Wandverzierung\" class=\"wp-image-223\" srcset=\"http:\/\/web12496.serv4.spacequadrat.de\/html\/wp-content\/uploads\/2023\/11\/nov05s-1024x768.jpg 1024w, http:\/\/web12496.serv4.spacequadrat.de\/html\/wp-content\/uploads\/2023\/11\/nov05s-300x225.jpg 300w, http:\/\/web12496.serv4.spacequadrat.de\/html\/wp-content\/uploads\/2023\/11\/nov05s-768x576.jpg 768w, http:\/\/web12496.serv4.spacequadrat.de\/html\/wp-content\/uploads\/2023\/11\/nov05s-1536x1152.jpg 1536w, http:\/\/web12496.serv4.spacequadrat.de\/html\/wp-content\/uploads\/2023\/11\/nov05s.jpg 2000w\" sizes=\"(max-width: 1024px) 100vw, 1024px\" \/><\/figure>\n<\/figure>\n<\/div><\/div>\n\n\n\n<div class=\"wp-block-group\"><div class=\"wp-block-group__inner-container is-layout-constrained wp-block-group-is-layout-constrained\">\n<figure class=\"wp-block-gallery has-nested-images columns-default is-cropped wp-block-gallery-3 is-layout-flex wp-block-gallery-is-layout-flex\">\n<figure class=\"wp-block-image size-large\"><img loading=\"lazy\" decoding=\"async\" width=\"1024\" height=\"768\" data-id=\"219\" src=\"http:\/\/web12496.serv4.spacequadrat.de\/html\/wp-content\/uploads\/2023\/11\/nov01s-1024x768.jpg\" alt=\"Gastraum hinten mit Blumen\" class=\"wp-image-219\" srcset=\"http:\/\/web12496.serv4.spacequadrat.de\/html\/wp-content\/uploads\/2023\/11\/nov01s-1024x768.jpg 1024w, http:\/\/web12496.serv4.spacequadrat.de\/html\/wp-content\/uploads\/2023\/11\/nov01s-300x225.jpg 300w, http:\/\/web12496.serv4.spacequadrat.de\/html\/wp-content\/uploads\/2023\/11\/nov01s-768x576.jpg 768w, http:\/\/web12496.serv4.spacequadrat.de\/html\/wp-content\/uploads\/2023\/11\/nov01s-1536x1152.jpg 1536w, http:\/\/web12496.serv4.spacequadrat.de\/html\/wp-content\/uploads\/2023\/11\/nov01s.jpg 2000w\" sizes=\"(max-width: 1024px) 100vw, 1024px\" \/><\/figure>\n<\/figure>\n<\/div><\/div>\n\n\n\n<figure class=\"wp-block-gallery has-nested-images columns-default is-cropped wp-block-gallery-4 is-layout-flex wp-block-gallery-is-layout-flex\">\n<figure class=\"wp-block-image size-large\"><img loading=\"lazy\" decoding=\"async\" width=\"768\" height=\"1024\" data-id=\"247\" src=\"http:\/\/web12496.serv4.spacequadrat.de\/html\/wp-content\/uploads\/2023\/12\/Tafel02-768x1024.jpg\" alt=\"G\u00e4stetafel Bereich vorne\" class=\"wp-image-247\" srcset=\"http:\/\/web12496.serv4.spacequadrat.de\/html\/wp-content\/uploads\/2023\/12\/Tafel02-768x1024.jpg 768w, http:\/\/web12496.serv4.spacequadrat.de\/html\/wp-content\/uploads\/2023\/12\/Tafel02-225x300.jpg 225w, http:\/\/web12496.serv4.spacequadrat.de\/html\/wp-content\/uploads\/2023\/12\/Tafel02-1152x1536.jpg 1152w, http:\/\/web12496.serv4.spacequadrat.de\/html\/wp-content\/uploads\/2023\/12\/Tafel02.jpg 1512w\" sizes=\"(max-width: 768px) 100vw, 768px\" \/><\/figure>\n\n\n\n<figure class=\"wp-block-image size-large\"><img loading=\"lazy\" decoding=\"async\" width=\"768\" height=\"1024\" data-id=\"246\" src=\"http:\/\/web12496.serv4.spacequadrat.de\/html\/wp-content\/uploads\/2023\/12\/Tafel01-768x1024.jpg\" alt=\"G\u00e4stetafel am Abend\" class=\"wp-image-246\" srcset=\"http:\/\/web12496.serv4.spacequadrat.de\/html\/wp-content\/uploads\/2023\/12\/Tafel01-768x1024.jpg 768w, http:\/\/web12496.serv4.spacequadrat.de\/html\/wp-content\/uploads\/2023\/12\/Tafel01-225x300.jpg 225w, http:\/\/web12496.serv4.spacequadrat.de\/html\/wp-content\/uploads\/2023\/12\/Tafel01-1152x1536.jpg 1152w, http:\/\/web12496.serv4.spacequadrat.de\/html\/wp-content\/uploads\/2023\/12\/Tafel01.jpg 1512w\" sizes=\"(max-width: 768px) 100vw, 768px\" \/><\/figure>\n<\/figure>\n\n\n\n<figure class=\"wp-block-gallery has-nested-images columns-default is-cropped wp-block-gallery-5 is-layout-flex wp-block-gallery-is-layout-flex\">\n<figure class=\"wp-block-image size-large\"><img loading=\"lazy\" decoding=\"async\" width=\"768\" height=\"1024\" data-id=\"253\" src=\"http:\/\/web12496.serv4.spacequadrat.de\/html\/wp-content\/uploads\/2023\/12\/Tafel05-768x1024.jpg\" alt=\"Gedeckte Tafel\" class=\"wp-image-253\" srcset=\"http:\/\/web12496.serv4.spacequadrat.de\/html\/wp-content\/uploads\/2023\/12\/Tafel05-768x1024.jpg 768w, http:\/\/web12496.serv4.spacequadrat.de\/html\/wp-content\/uploads\/2023\/12\/Tafel05-225x300.jpg 225w, http:\/\/web12496.serv4.spacequadrat.de\/html\/wp-content\/uploads\/2023\/12\/Tafel05-1152x1536.jpg 1152w, http:\/\/web12496.serv4.spacequadrat.de\/html\/wp-content\/uploads\/2023\/12\/Tafel05.jpg 1536w\" sizes=\"(max-width: 768px) 100vw, 768px\" \/><\/figure>\n\n\n\n<figure class=\"wp-block-image size-large\"><img loading=\"lazy\" decoding=\"async\" width=\"1024\" height=\"768\" data-id=\"252\" src=\"http:\/\/web12496.serv4.spacequadrat.de\/html\/wp-content\/uploads\/2023\/12\/Tafel03-1024x768.jpg\" alt=\"Tafel Familienfeier\" class=\"wp-image-252\" srcset=\"http:\/\/web12496.serv4.spacequadrat.de\/html\/wp-content\/uploads\/2023\/12\/Tafel03-1024x768.jpg 1024w, http:\/\/web12496.serv4.spacequadrat.de\/html\/wp-content\/uploads\/2023\/12\/Tafel03-300x225.jpg 300w, http:\/\/web12496.serv4.spacequadrat.de\/html\/wp-content\/uploads\/2023\/12\/Tafel03-768x576.jpg 768w, http:\/\/web12496.serv4.spacequadrat.de\/html\/wp-content\/uploads\/2023\/12\/Tafel03-1536x1152.jpg 1536w, http:\/\/web12496.serv4.spacequadrat.de\/html\/wp-content\/uploads\/2023\/12\/Tafel03.jpg 2048w\" sizes=\"(max-width: 1024px) 100vw, 1024px\" \/><\/figure>\n\n\n\n<figure class=\"wp-block-image size-large\"><img loading=\"lazy\" decoding=\"async\" width=\"768\" height=\"1024\" data-id=\"251\" src=\"http:\/\/web12496.serv4.spacequadrat.de\/html\/wp-content\/uploads\/2023\/12\/Tafel04-768x1024.jpg\" alt=\"Gedeckte Tafel Familienfeier\" class=\"wp-image-251\" srcset=\"http:\/\/web12496.serv4.spacequadrat.de\/html\/wp-content\/uploads\/2023\/12\/Tafel04-768x1024.jpg 768w, http:\/\/web12496.serv4.spacequadrat.de\/html\/wp-content\/uploads\/2023\/12\/Tafel04-225x300.jpg 225w, http:\/\/web12496.serv4.spacequadrat.de\/html\/wp-content\/uploads\/2023\/12\/Tafel04-1152x1536.jpg 1152w, http:\/\/web12496.serv4.spacequadrat.de\/html\/wp-content\/uploads\/2023\/12\/Tafel04.jpg 1536w\" sizes=\"(max-width: 768px) 100vw, 768px\" \/><\/figure>\n<\/figure>\n\n\n\n<p><\/p>\n","protected":false},"excerpt":{"rendered":"<p>Gerne hei\u00dfen wir Sie in unseren neu gestalteten Gastr\u00e4umen in der Schwartauer Allee 30 willkommen. Genie\u00dfen Sie die K\u00f6stlichkeiten Ostasiens in passendem Ambiente &#8211; wir freuen uns auf Sie!<\/p>\n","protected":false},"author":1,"featured_media":0,"parent":0,"menu_order":0,"comment_status":"closed","ping_status":"closed","template":"","meta":{"footnotes":""},"class_list":["post-233","page","type-page","status-publish","hentry"],"_links":{"self":[{"href":"http:\/\/web12496.serv4.spacequadrat.de\/html\/wp-json\/wp\/v2\/pages\/233","targetHints":{"allow":["GET"]}}],"collection":[{"href":"http:\/\/web12496.serv4.spacequadrat.de\/html\/wp-json\/wp\/v2\/pages"}],"about":[{"href":"http:\/\/web12496.serv4.spacequadrat.de\/html\/wp-json\/wp\/v2\/types\/page"}],"author":[{"embeddable":true,"href":"http:\/\/web12496.serv4.spacequadrat.de\/html\/wp-json\/wp\/v2\/users\/1"}],"replies":[{"embeddable":true,"href":"http:\/\/web12496.serv4.spacequadrat.de\/html\/wp-json\/wp\/v2\/comments?post=233"}],"version-history":[{"count":9,"href":"http:\/\/web12496.serv4.spacequadrat.de\/html\/wp-json\/wp\/v2\/pages\/233\/revisions"}],"predecessor-version":[{"id":286,"href":"http:\/\/web12496.serv4.spacequadrat.de\/html\/wp-json\/wp\/v2\/pages\/233\/revisions\/286"}],"wp:attachment":[{"href":"http:\/\/web12496.serv4.spacequadrat.de\/html\/wp-json\/wp\/v2\/media?parent=233"}],"curies":[{"name":"wp","href":"https:\/\/api.w.org\/{rel}","templated":true}]}}